v. Suppose v*u - 5*u + 105 = 0. What is the tens digit of u?
2
Suppose -31 = -2*c + 3*d, -5*d = -c + 14 + 19. What is the units digit of ((-72)/(-32))/(2/c)?
9
Suppose 4*y - 5*a - 150 = 183, 3*y - 249 = 3*a. What is the tens digit of y?
8
Suppose 2*p - 9 - 1 = 0. What is the units digit of p?
5
Let w be 2/3*54/(-12). What is the units digit of 3 - (0 - w)/(-3)?
4
Let n = -60 + 96. Suppose -2*c = -5*c + n. What is the tens digit of c?
1
Let j(g) = -g**2 + 7*g + 3. Let l be j(6). Let s(b) = -b + 11. Let a be s(l). Suppose 0*y + 5*y = 5*m - 30, -27 = -a*m - y. What is the tens digit of m?
1
Let b(y) = y + 2. Let w = -5 + 5. Let h be b(w). What is the units digit of ((-6)/(-9))/(h/3)?
1
Suppose -2*w - 110 = -2*s, 4*w - s + 291 = 83. Let v = -30 - w. What is the units digit of v?
1
What is the units digit of (-4 + -4 - -3)/(-1)?
5
What is the units digit of 33/39 - 8/(-52)?
1
Suppose 0*h - 4*h = 0. Let x = h + 0. Suppose x = 4*l + l - 25. What is the units digit of l?
5
Suppose -5 = 2*c + 5*r - 20, 24 = 5*c - r. Suppose c*t = -11 + 61. What is the units digit of t?
0
Let d be 15/(2 + 1) - 1. Suppose -5*m - 25 = -d*b + 115, 0 = 4*m - 16. Suppose 0*t - 5*t = -b. What is the units digit of t?
8
Suppose 2*n = 8, -3*n = -v - v + 64. What is the units digit of v?
8
Let t be ((-13)/(-2))/((-12)/(-24)). Suppose n - 17 = t. What is the units digit of n?
0
Suppose -7*d + 12 = -3*d. Suppose 0 = n + d - 5. What is the units digit of n?
2
Suppose -34 - 2 = -6*y. What is the units digit of (44/3)/(2/y)?
4
Let w = -16 - -20. What is the units digit of w?
4
Let t = -18 - -28. Let b = t + -6. Suppose -4*d - b = 0, -2*d = -0*l - l + 10. What is the units digit of l?
8
Let m = -21 - -93. Suppose 5*p = -5*c + 130, -c - 3*c + m = -4*p. What is the tens digit of c?
2
Let h be (-2)/((-1 + -1)/(-1)). Let n be 3 + -1*(0 - h). Suppose -n*g + 2 + 2 = 0. What is the units digit of g?
2
Suppose 0*w + 60 = 5*w. What is the tens digit of (-3)/(-18) + 394/w?
3
What is the units digit of (-616)/(-330) - (-4)/30?
2
Let d = 193 + -131. Let x = -40 + d. What is the tens digit of x?
2
Let t = 82 + -39. What is the units digit of t?
3
Let r(a) = 2*a - 10. Suppose -4*u = -3*w - 47, w = -u - 2*w - 7. What is the units digit of r(u)?
6
Let f be (0 - -3 - 0)*1. Let a(j) = 2*j**3 - 3*j**2 - 5*j + 4. What is the units digit of a(f)?
6
Let t(w) = -w**3 + 5*w**2 + 3*w + 2. What is the tens digit of t(5)?
1
Suppose o - h - 64 = -0*o, -4*h + 20 = 0. What is the tens digit of o?
6
Let l(j) be the second derivative of j**5/20 - 5*j**4/12 - j**3 + 3*j**2/2 + 2*j. Let d be 16/2 + -1 + -1. What is the units digit of l(d)?
3
Let l = 711 - 491. What is the hundreds digit of l?
2
Suppose -20*i = -23*i + 432. What is the tens digit of i?
4
Suppose 48 = 2*a - 0. What is the tens digit of a?
2
Let s be (-104)/(-3) - (-1)/3. Let t = s + -22. What is the units digit of t?
3
Let d = -75 - -127. What is the tens digit of d?
5
Let k = 30 - 43. What is the units digit of 6/(-8)*(k + 1)?
9
Let x = -4 + 29. Let u = -8 + x. What is the units digit of u?
7
Let h be 1 - (-3 + 856/(-2)). What is the tens digit of ((-2)/(-4))/(6/h)?
3
Suppose 5*j + 7*i = 3*i + 101, -2*j - i = -41. What is the units digit of j?
1
Suppose -n = -u - 85 + 400, -2*u = -3*n - 629. What is the hundreds digit of u?
3
Let f be 10*7 - (-6)/3. Let m be (1*-4)/((-16)/f). Suppose 4*v = -3*w + 36, -2*w + 8 + m = 3*v. What is the units digit of v?
6
Let l = -168 + 345. What is the hundreds digit of l?
1
Let z = 0 + 3. Suppose -8 = 4*u - 4*x, 4*x = -z*u + 5*u + 8. Suppose u*y + 9 = 3*y. What is the units digit of y?
3
Let k(x) = 2 + 2*x + 1 + 0. Let c be k(-3). Let w(l) = l**3 + 3*l**2 - 3*l - 4. What is the units digit of w(c)?
5
Let c(a) = 2*a - 1. Let t be c(2). Suppose 4 = -d, -t*d = 4*h - 2 - 2. Suppose 4*l - h = -0*l. What is the units digit of l?
1
Let f(u) = 3*u + 5. What is the units digit of f(11)?
8
Let l(t) = t**2 + 4*t + 2. Let s be 3 + (-3)/((-9)/(-21)). What is the units digit of l(s)?
2
Let k(f) = -f**2 + 8*f - 1. What is the units digit of k(6)?
1
Let j(b) = 13*b**2 - 2*b - 3. Let u(o) = -7*o**2 + o + 2. Let a(c) = 3*j(c) + 5*u(c). What is the tens digit of a(2)?
1
Suppose 75 = q - 8. What is the units digit of q?
3
Let x(s) = -s**2 + s + 6. Let y(t) = 0*t + 4 + 4*t - 5*t. Let f be y(4). What is the units digit of x(f)?
6
What is the tens digit of (14/6)/(17/357)?
4
Suppose -873 = -5*s + 2*f, -5*s + 422 = f - 439. Suppose -52 = -3*a + s. Suppose 2*r + 3*r - a = 0. What is the tens digit of r?
1
What is the tens digit of (156/(-10))/(7/(-35))?
7
Let a = -24 - -22. What is the tens digit of a/(1 + (-14)/12)?
1
Suppose -6*y + 1058 + 1000 = 0. What is the hundreds digit of y?
3
Suppose 2*a - 4 = -6*k + 2*k, 3*a = 5*k - 27. What is the units digit of 54/8 + k/12?
7
Suppose 5 = g + 5*m, -37 = -0*g - 2*g - m. What is the tens digit of g?
2
Let w(l) = l**2 + 6*l + 4. Let z(m) = 12 - 6*m + 2*m + 2*m. Let x be z(9). What is the units digit of w(x)?
4
Let p(a) = 2*a + 25. What is the units digit of p(0)?
5
Let h(z) = -3 + 5 + 4*z - 5*z. What is the units digit of h(-9)?
1
Let m(i) = 4*i + 4. Let w be m(-9). Let h = w + 70. What is the tens digit of h?
3
Let u = -39 - -70. What is the units digit of u?
1
Let a(j) be the second derivative of -j**4/12 + 17*j**3/6 - 5*j**2/2 - 3*j. What is the units digit of a(16)?
1
Suppose 0 = -2*v + 298 + 88. What is the tens digit of v?
9
Let d = -2 - 1. Let p(q) = q**2 - 2*q - 4. What is the tens digit of p(d)?
1
Suppose 50*z = 53*z - 144. What is the tens digit of z?
4
Let j(l) = l**3 - 10*l**2 + 6*l + 8. Let k be j(9). Let b = k - -20. What is the units digit of b?
1
Suppose 9 = y + 7. Suppose 6 = y*w - 64. What is the tens digit of w?
3
Suppose c = -g - 2, c - g = -4*c - 22. Let f be c/(-12) - (-16)/6. Suppose 4*w = -3*i + f, -w + 2 = i - 0. What is the units digit of i?
5
Let p(s) = -s**2 + 8*s - 4. Let m be p(7). Let g(y) = -y**3 + 5*y**2 + 2. Let r be g(5). Suppose -r*b + 1 = -m. What is the units digit of b?
2
Suppose -4*z - 1 + 9 = 0. Let p = -6 + 7. Suppose p - 19 = -z*u. What is the units digit of u?
9
Let d = 231 - 120. What is the hundreds digit of d?
1
Suppose -3*j + 250 + 131 = 0. What is the hundreds digit of j?
1
Let o = 5 - -45. What is the units digit of o?
0
Let x = -7 + 11. Suppose 0 = a - x*a + 6. Suppose -2*m - 5*c + 2 = -5*m, 4*c - a = 2*m. What is the units digit of m?
1
Suppose 5*j - 6*j + 5 = 0. Suppose -2*a - j = -7. Suppose 2*n - 25 = -a. What is the tens digit of n?
1
Let p be (1 - 3)*(-4 + 2). Suppose -5*s = -a + 23 + 4, p*a - 40 = 3*s. What is the units digit of a?
7
Let b = 2 - -63. What is the tens digit of b?
6
Suppose 5*k - 144 = -h - 12, 2*k - 39 = -5*h. What is the units digit of k?
7
What is the units digit of ((-1067)/(-55))/((-1)/(-5))?
7
Suppose 2 + 6 = 4*a. Let m(t) = -4*t + 6*t - t**a + t - 8 + 8*t. What is the units digit of m(9)?
0
Let a(h) = h**3 + 10*h**2 + 6*h + 1. What is the units digit of a(-9)?
8
Suppose -2*f + 4*f - 8 = 3*l, 4 = -4*l - 4*f. Let x = 4 + l. What is the units digit of x?
2
Let g = 13 + -8. Suppose 11 + 54 = g*z. What is the units digit of z?
3
Let i(w) = -w**3 - w**2 + w + 2. Let c be i(-2). Suppose -2*s = -7*s + 2*v + 17, -16 = -4*s + c*v. What is the units digit of s?
3
Suppose -34 - 4 = 2*c. Let q = 94 - 66. Let a = c + q. What is the units digit of a?
9
Suppose 53 = 3*l - 124. What is the tens digit of l?
5
Let s = 134 + -89. What is the tens digit of s?
4
Let x = 74 - 35. Let v(g) = 3*g - 2. Let w be v(-7). Let i = x + w. What is the units digit of i?
6
Suppose 1 + 3 = -b. Let h = b - -20. What is the tens digit of h?
1
Suppose -3*g + 39 = -0*z - 3*z, -4*z = -2*g + 34. What is the units digit of g + 9/(-3) + 2?
8
Let y(c) = c + 3. What is the units digit of y(18)?
1
Suppose 17 = -4*l - 31. Let n(b) = -b**2 - 12*b + 2. What is the units digit of n(l)?
2
Suppose 4*t = 3*t + 3. Let z = 49 - -28. Suppose t = 5*g + 5*p - z, -5*g - 2*p = -86. What is the tens digit of g?
1
Suppose 4*o + 20 = 0, j + 4*o + 17 - 2 = 0. Suppose 6*b + j*a = 2*b + 73, -5*b + 50 = -2*a. What is the units digit of b?
2
Suppose 0 = -2*i + x + 46, -5*x + 4*x - 121 = -5*i. What is the units digit of i?
5
Let o = 317 - 184. What is the tens digit of o?
3
Let s be (10/6)